f a?
2
Suppose 4*n + 4183 = 623. Let o = n - -1292. What is the units digit of o?
2
Suppose -116*y = -125*y - 13248. What is the hundreds digit of -10*(y/(-20))/(-2)?
3
Let q be -57*7/(-21)*(-1 + 10). Let c = q + 113. What is the tens digit of c?
8
Suppose -l + 34*h = 35*h - 6348, 2*l + h = 12696. What is the units digit of l?
8
Let n be (120/(-72))/(1/(-87)). Suppose -411 = x + n. Let f = -353 - x. What is the tens digit of f?
0
Let d(h) = 1183*h - 416. What is the tens digit of d(18)?
7
Suppose -a + 8273 = -5*n, -16*n = 5*a - 21*n - 41305. What is the thousands digit of a?
8
Let u = -445 + 428. Let s(c) = -12*c - 21. Let f(i) = 23*i + 43. Let m(w) = -3*f(w) - 5*s(w). What is the units digit of m(u)?
9
Let q(w) = 3*w**2 + 12*w + 1201. What is the thousands digit of q(54)?
0
Suppose -107354 = -85*x + 394571. What is the thousands digit of x?
5
Let l be 255/75 + (-2)/5. Suppose l*k + 51 = 4*k. Suppose 0 = -5*a + 124 + k. What is the units digit of a?
5
Let o(b) = 268*b - 20. Suppose -4*j = -20, 4*k = -k + 4*j - 10. What is the hundreds digit of o(k)?
5
Let l be (4/5)/(((-88)/(-120))/(-11)). What is the tens digit of 162*(-9)/12*l/18?
8
Suppose -d + h = 3, 5*h - 1 = -0*d - 2*d. Let s be (4/(-3))/((12/(-1899))/d). What is the units digit of (s/10 + 4)*-5?
1
Suppose -2*k + 2*t + 118 - 126 = 0, -t = k. Let v(w) = w**2 + 4*w + 3. Let u be v(-3). What is the tens digit of k*(u + 17)*(-9)/18?
1
Suppose -2*k = -4*m + 17520 + 8678, -2*m + 4*k = -13102. What is the thousands digit of m?
6
Suppose -2*n + n + 13200 = -3913. What is the ten thousands digit of n?
1
Let z(i) = -9*i**2 - i + 3. Let y be -6 - (1 + -4 + 3). Let t be z(y). Let r = 619 + t. What is the tens digit of r?
0
What is the thousands digit of 7591816/732 + 0 + 0 + (-8)/(-12)?
0
Let t(q) = 3*q**2 - 32*q - 40. Let p = -44 + 61. What is the hundreds digit of t(p)?
2
Let v(i) = 5041*i**3 + 50*i - 51. What is the tens digit of v(1)?
4
Suppose -18 = 2*d + 6. Let h = -9 - d. Suppose -h*u = 2*y - 136 - 31, -2*y + 161 = -3*u. What is the units digit of y?
2
What is the units digit of ((-11)/((-121)/33))/((-3)/(-7900))?
0
Let z = 342 - 362. What is the hundreds digit of (-9260)/(-8)*(-16)/z?
9
Let d(u) = 36*u - 169. Let z be d(5). Suppose 2123 + 4686 = z*x. What is the hundreds digit of x?
6
Let d be -7*((-9 - 17) + 5). Let v = 1851 + d. What is the thousands digit of v?
1
Let a(j) = j - 1. Let i(u) = -39*u + 23. Suppose -2*d + 8 = 2*v, -v = 3*d + v - 9. Let k(p) = d*i(p) - 2*a(p). What is the hundreds digit of k(-5)?
2
What is the thousands digit of ((-91624)/(-12))/((-4)/(-6))?
1
Let k(a) = -6*a - 49. Let h be k(-32). Suppose 2*f - 97 - h = 0. What is the hundreds digit of f?
1
Suppose g = 5*t + 625, 30*t - 31*t - 3053 = -5*g. What is the units digit of g?
0
Let w = 22325 + 4. What is the units digit of w?
9
Suppose 2*u + 3*q = 3998, -2*u - 1267 = 4*q - 5269. Suppose -13*a + u = -5365. What is the hundreds digit of a?
5
Let q(d) = 6*d + 18. Let l be q(-12). Let k = 58 + l. Suppose t - k*s - 282 = -2*s, 2*t + 2*s - 546 = 0. What is the tens digit of t?
7
Suppose 0 = 155*d - 168*d + 7332. Suppose -3540 - d = -4*n. What is the units digit of n?
6
Suppose 0 = 6*p - 277 - 515. Let g = 38 + -42. What is the tens digit of 1 + g + (p - -3)?
3
Suppose -v = -24*r + 22*r - 45740, v - 3*r - 45739 = 0. What is the hundreds digit of v?
7
Suppose 0 = -4*j + 3*m + 136649, 0 = 25*j - 26*j - m + 34150. What is the tens digit of j?
5
Suppose 0 = -695*r + 630*r - 585. Let k = 1485 - 8375. What is the tens digit of (k/6)/(-5) + (-12)/r?
3
Suppose -147113 + 3546093 + 529285 = 121*z. What is the hundreds digit of z?
4
What is the units digit of 246/3*(-894)/(-12)?
9
Let i = -46 + 49. Let l(f) = 3*f**3 + 7*f**2 - 2*f - 7. What is the tens digit of l(i)?
3
Let j = -1713 + 2922. What is the hundreds digit of j?
2
Let h = 11918 + -3129. What is the units digit of h?
9
Suppose 0 = -7*h + 13 + 1. What is the tens digit of (0 - (-9)/3)/(h/426)?
3
Let o(s) = -579*s - 1288. What is the tens digit of o(-14)?
1
Let g = -1063 + 1716. Let b = 1432 - g. What is the units digit of b?
9
Let n(l) = 25*l**2 + 0*l**3 + 3*l + 6*l**3 - 1 - 28*l**2. Let a be n(1). Suppose 0 = a*k - 2*j - 411, j = -7*k + 3*k + 334. What is the units digit of k?
3
Let g = 533 - 323. Let d = 241 - 145. Let j = g - d. What is the units digit of j?
4
What is the hundreds digit of 107292/14*1512/432?
8
Let l = 20033 - 11828. What is the thousands digit of l?
8
Let t = -26989 - -28748. What is the thousands digit of t?
1
Let n = -17360 - -39290. What is the units digit of n?
0
Let p be ((-40)/(-16))/((-1)/(-2)). Suppose -3902 = -5*z - 4*q, -3*z - 793 = -4*z - p*q. What is the units digit of z?
8
Suppose 454 + 402 = -2*f. Let x = f - -922. What is the hundreds digit of x?
4
Let n = 8185 - 1239. What is the units digit of n?
6
Suppose 26*g + 1729 - 40495 = 0. What is the hundreds digit of g?
4
Let l = -14777 + 18274. What is the units digit of l?
7
Suppose 141*l = 127*l + 32186. What is the hundreds digit of l?
2
Let r be 2/1 - 0/(2 + -3). Suppose r*x - 812 = -k, 3078 = 5*x - k + 1041. What is the units digit of x?
7
Let b = -792 - -1169. Suppose 742 = 2*l + 6*d - 4*d, -2*d - b = -l. What is the tens digit of l?
7
Suppose -3*c - 1791 = 705. Let f = -400 - c. Suppose 2*v = 4*l - 414, 5*l - f - 69 = -3*v. What is the hundreds digit of l?
1
Let t be 1/(3/96) - 0. Suppose 8*j - 4*j - t = 0. Suppose j*o - 206 = -54. What is the tens digit of o?
1
Let m(c) = -3*c**3 - 8*c**2 + 30*c + 33. Let k be m(-12). Suppose 14*n + 905 = k. What is the hundreds digit of n?
2
Suppose 33*m - 49*m = -15884 - 7316. What is the thousands digit of m?
1
Let a be (-8062)/(-7) - (-140)/490. Suppose -11*j + a - 195 = 0. What is the units digit of j?
7
Let b(x) be the third derivative of x**6/120 - x**5/60 + 5*x**4/24 - 23*x**3/6 - 10*x**2. Let v be (10 - 2) + (-1 - 2) + 1. What is the units digit of b(v)?
7
Suppose 18*f - 28843 = 117911. What is the tens digit of f?
5
Suppose -3*g + 123404 = 5*q, 9*g - 13*q + 10*q = 370194. What is the thousands digit of g?
1
Let o(u) = -u**3 + 7*u**2 + 7*u. Suppose 0 = 2*y - 4. Let f(h) = h + 5. Let w be f(y). What is the tens digit of o(w)?
4
Suppose 3*r - 569 = 1291. Let y = r + -282. Suppose -3*s + y = 4*k, 5*k = -2*s + 291 + 128. What is the units digit of k?
3
Let j be (-6)/((-252)/(-287)) - 2/12. What is the tens digit of j - (5 + (-2 - 88))?
7
Let u(o) = -44*o + 77. Suppose -t + 3*t - 2*y = -10, 0 = -t + 4*y + 4. What is the hundreds digit of u(t)?
4
Let m(h) = -131*h + 8 - 79 - 190*h - 18*h - 48. What is the units digit of m(-3)?
8
Let k(m) = -100*m**2 + 95*m + 105. Let n(d) = -20*d**2 + 19*d + 21. Let l(z) = 2*k(z) - 11*n(z). What is the tens digit of l(-6)?
1
Let p(f) = 85*f**2 + 103*f + 1097. What is the tens digit of p(-9)?
5
Let p = 3 + -8. Let z be 0/(3 + p - (0 + 0)). Suppose y - 6*y + 26 = o, -2*o + y - 3 = z. What is the units digit of o?
1
Suppose 3*s - 261*m - 238778 = -266*m, 4*s - 3*m = 318390. What is the units digit of s?
6
Let w be (83 + 1)/((-24)/(-84)). Let d = 538 - w. What is the hundreds digit of d?
2
Suppose -36 = -6*u - 3*u. Suppose -4*g = -g - u*i - 13, i + 50 = 5*g. Suppose -g*c + 108 = -8*c. What is the units digit of c?
6
Suppose 2*g = 7*g - 2*a - 97812, -3*g = 4*a - 58682. What is the hundreds digit of g?
5
Suppose 5*h = h + 2*f + 32, 0 = 3*f. Let p(k) = 18 - h*k + 24 - 6. What is the tens digit of p(-6)?
8
Let q = -9656 - -10688. What is the tens digit of q?
3
Suppose -12 = -2*u + 2*y, 6 = -3*u - y + 20. Suppose -l - 3*h + 534 = -188, u*h + 3650 = 5*l. What is the tens digit of l?
2
Suppose g = 6*g - 10*g. Suppose 20*u - 24*u = -y - 2348, u - y - 590 = g. What is the tens digit of u?
8
What is the tens digit of (1 + 66134)/3 - -16?
6
Let h(p) = 6*p**3 - 149*p**2 + 69*p - 298. What is the units digit of h(26)?
8
Suppose -2*u - 2*a - 376 - 958 = 0, -2*u - 4*a = 1324. Let v = 1736 + u. What is the hundreds digit of v?
0
Let l be 4 - (-35)/7*716/5. Let u = l + -252. What is the tens digit of u?
6
Suppose -36*c + 31*c = 2*u - 46371, 2*u = -4*c + 46366. What is the ten thousands digit of u?
2
Let d(o) = 79*o**3 + 47*o**2 - 14*o + 104. What is the thousands digit of d(10)?
3
What is the hundreds digit of (-31)/((-93)/1611)*(3